 - w = -k + 6. Suppose 0*h + w = h. Let r(a) = 1. Let u(f) = -3*f - 2. Let m(b) = h*u(b) + 2*r(b). Calculate m(-4).
12
Suppose 0 = -t - t + 6. Suppose -4*z + t = -5. Let h(o) = -o**3 + 3*o**2 + o - 1. Let n be h(z). Let l(b) = -b**3 + 6*b**2 - 3*b + 2. Calculate l(n).
12
Let p(c) = -c**3 + 3*c**2 + 4*c + 4. Let w be p(4). Let x(g) = 7*g**2 - 8*g - 13. Let n(u) = 6*u**2 - 7*u - 11. Let a(s) = -6*n(s) + 5*x(s). Determine a(w).
-7
Let u(v) be the first derivative of 7/2*v**2 + 39 - 1/3*v**3 + 7*v. Give u(8).
-1
Let w = -8 - -11. Let r(i) = -i - 3*i - 6*i**2 - i**w - 5*i**2 + 5*i**2. Calculate r(-5).
-5
Let h(y) = -3*y + 4. Let s = 92 - 131. Let u = s - -43. Give h(u).
-8
Suppose 5*l = 3*l. Let r(d) be the second derivative of 1/6*d**3 - 1/20*d**5 + 1/12*d**4 - 5/2*d**2 + 0 - 7*d. Give r(l).
-5
Let b(g) be the second derivative of 5*g**3/6 - 9*g**2/2 + 181*g. Give b(7).
26
Let h(y) = -y**3 + 6*y**2 + 10*y - 30. Let f be h(7). Let a(i) = -i**2 - 12*i - 15. What is a(f)?
12
Suppose -3*m + 8 = 3*j - 10, 0 = m - 4*j + 14. Let a(o) = 2 - 4 + 1 - o**3 - o. Give a(m).
-11
Suppose 2*z = 5*w, -3*w + 2*z = -z. Suppose 0*r + s = 2*r + 3, w = 2*r - 3*s + 1. Let t(b) = 2 + 4*b + 0*b + 0 - 4*b**2 + 8*b**2. What is t(r)?
10
Let s(r) be the third derivative of -r**6/120 + 7*r**5/60 - r**4/6 - r**3/6 - 6*r**2 + 43*r. Calculate s(3).
23
Let d = -9 - -2. Let k(u) = -u**3 - 7*u**2 + 2*u + 8. Let g be k(d). Let q(j) be the first derivative of -j**4/4 - 7*j**3/3 - 5*j**2/2 + 4*j + 12. Give q(g).
-2
Let w = 78 + -76. Let c(l) = 265*l**2 - 266*l**w + 3*l + 5*l. Give c(7).
7
Let k(r) = r**3 - 5*r**2 + 2*r + 2. Let i(j) = -j**3 + 4*j**2 - j + 9. Let v = 9 - 5. Let g be i(v). Give k(g).
12
Let z(x) = x**3 - 8*x**2 + 6*x + 2. Let y(r) = -r**3 - 29*r**2 - 2*r - 37. Let k be y(-29). Suppose -5*b + k = -2*b. Determine z(b).
-5
Let n(p) = -p**2 + 10*p - 16. Suppose -27*v + 129 + 60 = 0. Give n(v).
5
Let w(u) be the second derivative of -u**3/6 - u**2 - 618*u. Let a be (-4)/18 - 40/(-18). Determine w(a).
-4
Suppose -5*l - 3*p = -4*p + 41, 5*l + 5*p + 35 = 0. Let m(d) = 9*d**2 - 11 + d**3 + 0*d**3 + 27*d - 21*d. What is m(l)?
5
Let z(c) be the first derivative of -c**4/4 - 2*c**3/3 + c**2/2 + 3*c - 1. Let s = -10 + 20. Suppose 0 = s*g + 16 + 14. What is z(g)?
9
Suppose -t + 15 = -6*t. Let b be t - (-3 + -2 + -1). Let f(z) = -z**3 + 6*z - 7 + 0*z**3 + 0*z**b + 2 + 4*z**2. What is f(5)?
0
Let o(n) = -42*n - 53. Let u(k) = 118*k + 160. Let a(m) = -17*o(m) - 6*u(m). Calculate a(10).
1
Let z(a) = 2 + a - 4 + 3*a. Suppose 11*f - 13*f = -10. Suppose 3*k + f*j - j = -2, 4*k - 14 = 3*j. Calculate z(k).
6
Let u(i) be the third derivative of i**5/30 - i**4/12 - i**3/3 + 2*i**2 + 28. Let c = 6 - 4. Give u(c).
2
Let l(h) = -12 - 4 - h + 4 + 2. Determine l(-17).
7
Let m(p) = p**3 + p**2. Let f(z) be the second derivative of z**5/20 - 5*z**4/12 + 4*z**3/3 + 5*z**2 - 25*z. Let b(x) = f(x) - 2*m(x). Give b(-8).
10
Suppose 16 = -55*r + 63*r. Let b(a) = -10*a. Calculate b(r).
-20
Let k(h) be the first derivative of h**3/3 - 3*h**2 + 5*h - 198. Determine k(7).
12
Let g(c) = c**2 + 5*c + 5. Suppose p = v - 1, 4*v - 2 = -v + 4*p. Let f(a) = -a**2 - 3*a - 6. Let u be f(v). Determine g(u).
1
Let d be (-30)/4 - (-3)/(-6). Let h(f) = f**2 + 8*f + 7. Determine h(d).
7
Suppose -30 = -2*q + 4*k, 56*k - 55*k = 2*q - 18. Let z(a) be the second derivative of a**5/20 - a**4/2 - 4*a**3/3 + 2*a**2 - 5*a. Give z(q).
-3
Let m(i) be the second derivative of 0 + 1/2*i**3 + 4*i + i**2. What is m(-4)?
-10
Suppose 0 = 6*s - 2*s - 8. Let z(d) = d**2 + 19 + 13 + d - 21 - 13. Give z(s).
4
Let v(t) = -t. Let g(l) = 7*l**2 + 8*l. Let i(r) = -13*r**2 - 15*r + 1. Let k(u) = -11*g(u) - 6*i(u). Let o be k(-3). What is v(o)?
3
Let c be 4/2 + 2 + -1. Let d(p) = -8*p**2 + 7*p**2 - 101*p + 102*p. Determine d(c).
-6
Let b(r) = 8*r**3 - 10*r**2 - 3*r - 15. Let s(o) = 21*o**3 - 29*o**2 - 10*o - 45. Let p(k) = -8*b(k) + 3*s(k). Calculate p(-6).
-15
Let d(a) = 3*a**2 + 3*a + 4. Let l(u) = 7*u**2 + 5*u + 7. Let h(k) = 5*d(k) - 2*l(k). Let c be (0 - -21) + (-1)/1. Suppose 5*r = -0*r - c. Calculate h(r).
2
Let q = 4 + -3. Let u(x) be the second derivative of -3*x**4/4 - x**3/6 + x**2/2 - 719*x. What is u(q)?
-9
Let z(d) be the second derivative of 7*d**3/6 + 77*d. Determine z(-1).
-7
Let d(v) be the second derivative of v**5/20 - v**4/12 - v**3/3 - v - 83. Give d(-2).
-8
Let d be -1 + (-4 - 0) + -2. Let j(w) = -8*w**2 - w**2 - 2*w**2 + 3*w**3. Let p(z) = -4*z**3 + 12*z**2 + 1. Let g(s) = 5*j(s) + 4*p(s). What is g(d)?
4
Let u(j) be the second derivative of -j**6/120 + j**5/10 + j**3 - 3*j**2 - 11*j. Let x(r) be the first derivative of u(r). Determine x(6).
6
Let n(q) = -2*q + 3 - 8 + 7 + 3*q - 2*q**2. Let d(i) = -2*i**2 + 2. Let b(m) = 2*d(m) - 3*n(m). Give b(3).
7
Let u(x) = -21*x - 51. Let g be u(-2). Let y(d) = 3*d**2 - 7*d + 7. Let v(z) = -4*z**2 + 7*z - 6. Let i(m) = 4*v(m) + 5*y(m). Determine i(g).
-7
Let t(c) = -3*c - 6. Let h(y) = -3*y - 5. Suppose -r - 6 = -1. Let s(u) = r*t(u) + 6*h(u). What is s(-2)?
6
Let r(o) = 0*o**2 - 2*o - 2*o - 3 - o**2. Let l = 1632 - 1637. What is r(l)?
-8
Let k(w) = -2*w**3 + 13*w**2 - 5*w - 4. Let y be k(6). Let u(g) = -y + 3 - 6*g - 5 + 3. Calculate u(2).
-13
Let u(y) = 0 - 3 + 2 - 6 - 7*y + 0. Determine u(-2).
7
Let b(v) = 3. Suppose -m = 4*j - 10, -5*m = 6*j - 2*j - 18. Let l(w) = w + 6. Let q(n) = m*l(n) - 5*b(n). Let y = -6 + 11. Determine q(y).
7
Let i(k) = -k + 10. Let a be (3/4)/(21/84). Give i(a).
7
Let c(t) = 2 - 2*t + 0*t - 4 + 3*t. Suppose -4*u - 78 = 3*v, -4*u + u = -v + 65. Let y be (-1)/(-7) + (-39)/u. Calculate c(y).
0
Let q be -1*(8 - 9) - (1 + -7). Let h(k) = k**3 - 7*k**2 + k - 10. What is h(q)?
-3
Let j(q) = q**2 - 2*q + 1. Let t(s) = -4*s**2 - 5*s + 3. Let b(c) = -5*j(c) - t(c). Give b(14).
6
Suppose 0*r - 9 = 3*r. Let q(k) = -13*k + 4. Let m(p) = -37*p + 12. Let x(h) = 6*m(h) - 17*q(h). Determine x(r).
7
Let d(g) = g**2 + 0 - 11 - 21*g + 80*g - 20*g - 29*g. Calculate d(-11).
0
Let l(t) = 11*t - 4. Let p be l(1). Let f(s) = -s + 3. What is f(p)?
-4
Suppose 14 = -t + 5*m, 18*t - 5*m + 16 = 19*t. Let x(o) = 3*o**3 - 2*o**2 + o. Determine x(t).
2
Let x = -11 + 7. Let c be (2 + 1)*(-24)/x. Suppose -c + 2 = -4*u. Let a(r) = r**3 - 5*r**2 + 5*r - 3. Determine a(u).
1
Let z(v) = v**3 + 4*v**2 - 7*v - 4. Let a = 27 - 11. Let l = a - 13. Suppose -n - 2 = l. Determine z(n).
6
Suppose 4 = -0*r - 4*r - 2*j, 2*r + 4*j + 2 = 0. Let p = -5 - r. Let o(l) be the first derivative of l**3/3 + 3*l**2/2 - 3*l - 41. What is o(p)?
1
Suppose 0 = 5*p + 4*i - 0*i + 11, 0 = p - 5*i - 21. Let y(t) = -p + t - 6*t**3 + 4*t**2 - 4*t**2 + t**2. Let b be (-4)/(7 - (12 - 1)). Determine y(b).
-5
Let n(k) = 4*k**2 - 98*k + 55. Let r be n(24). Let l(h) be the second derivative of r*h - 7/2*h**2 + 0 - 1/6*h**3. Calculate l(-4).
-3
Let l(h) = 2 - 26*h**2 + 27*h - 41*h**2 - 33*h**2 + 112*h**2 + h**3. What is l(-9)?
2
Suppose -y = -30 + 26. Suppose 4*l - 20 = -5*z + 3*l, 0 = 3*z + y*l - 29. Let i(s) = s**2 - s. Give i(z).
6
Let x(i) = -2*i + 13. Let l(v) = -v + 6. Suppose 5*w = -35 + 20. Let n(p) = w*x(p) + 7*l(p). Suppose 0 = 5*q + 2*m - 27, -2*m + 5 = q - 2. Give n(q).
-2
Suppose -6*j + 0 = 42. Let x(r) = -r**2 - 7*r + 1. What is x(j)?
1
Let j(u) be the first derivative of -u**4/4 - 5*u**3/3 + u**2 + 6*u + 11. Suppose 2*o + 4 = 0, 5*d + 2*o - 4 = 2. Suppose -4*x = 18 + d. Give j(x).
-4
Let n(p) = -p + 1. Let o(v) = 23*v + 58. Let i be o(-2). Give n(i).
-11
Let y = 106 - 103. Let s(w) = 162*w**2 + w**y - 50*w**2 - 56*w**2 + 4*w - 50*w**2. Calculate s(-3).
15
Let l(v) = -2*v - 15 + v + 16. Suppose 5*u - 19 - 11 = 0. Let o = 12 - u. Calculate l(o).
-5
Let d(g) = -6*g. Let q be d(-1). Suppose -q = -2*a - 8. Let f be a*-6*1/2. Let j(z) = z**2 - 3*z + 1. Determine j(f).
1
Let v(n) = -6*n**2 + 3*n + 3. Let g(w) = -7*w + 138. Let j be g(20). Give v(j).
-27
Let k be 18/2*2/3. Let o(y) = -2*y**2 - 5*y - 3. Let b(t) = -t**2 - 3*t - 2. Let p(c) = k*o(c) - 10*b(c). Suppose 2*r = -5*v + 3 - 1, 4*v = -2*r. What is p(v)?
-6
Let b(k) = -12*k**2 - 10*k - 34. Let y(q) = -19*q**2 - 15*q - 55. Let v(j) = 8*b(j) - 5*y(j). Let m = -13 - -7. Give v(m).
-3
Let y(w) = -7 - 7 + w + 7 - 2*w. Suppose 0*f + 3*f = 3*x + 9, 3*x + 5 = 4*f. Calculate 